5 = 5*k, 51 = t*z + 5*k - 6. Calculate the highest common factor of n and z.
7
Let i = -13 - -18. Suppose -1 = i*d - 176. What is the greatest common factor of d and 5?
5
Let z = 53 - -19. Calculate the greatest common divisor of 18 and z.
18
Suppose 4*z = 7 + 21. Let p(t) = -2 + z*t + 0*t**3 + 2*t - 7*t**2 + t**3. Let w be p(6). Calculate the highest common divisor of 64 and w.
16
Suppose -k - 148 + 414 = 2*m, 2*k + 278 = 2*m. What is the highest common factor of 45 and m?
45
Suppose -5*t + 27 = -4*r - 33, -5*t + 35 = r. Let k(u) = 6*u - 4. Let m be k(t). What is the highest common divisor of 4 and m?
4
Suppose c - 3*c = -20. Calculate the greatest common factor of c and 2.
2
Suppose -709 + 177 = -2*v. Calculate the highest common divisor of v and 38.
38
Let h be 375/12 - (-9)/12. Suppose 1 = 2*j - 5*r - 6, 5*j + 2*r - h = 0. What is the highest common factor of 6 and j?
6
Let d = -16 + 42. What is the greatest common divisor of d and 78?
26
Suppose 0*k = -4*k. Suppose 3*a - 150 = -k*a. Suppose 5*i + 2*q = a, -2*i - 2*q = -q - 21. What is the greatest common divisor of i and 56?
8
Suppose 0 = 6*d - d - 110. Let c = 13 - 9. Suppose -c*o + 6 = -o. Calculate the highest common divisor of o and d.
2
Suppose -z + 0*z + 5*o - 19 = 0, -50 = -5*z - 4*o. What is the highest common factor of 6 and z?
6
Let q = 37 + -15. Let r be (6/15)/((-3)/(-330)). Calculate the greatest common divisor of q and r.
22
Let y be (-1)/((10/(-252))/5). Calculate the highest common divisor of 14 and y.
14
Suppose -3*t + 197 = 4*d, -5*d - 91 = -2*t + 25. Calculate the highest common factor of t and 36.
9
Suppose p + 9 = -2*g, -3*g + 2*g - 22 = 4*p. Let h(u) = 7*u**2 + 2. Let f be h(g). What is the greatest common divisor of 10 and f?
10
Let r = 235 + -27. Suppose 2*b = -2*b + r. Let w be b - ((3 - -1) + -2). Calculate the highest common factor of 10 and w.
10
Let m(u) = 721*u**2 + 2*u + 1. Let g be m(-1). Let w = g - 500. What is the greatest common divisor of w and 20?
20
Let h(d) = -d**3 - 4*d**2 + d - 6. Let y be h(-5). What is the greatest common divisor of 21 and y?
7
Let t(k) = k**2 - 2*k - 47. Let v be t(-8). What is the highest common factor of v and 11?
11
Let s be 18/(-2)*22/(-33). Calculate the highest common factor of 48 and s.
6
Suppose -b + 63 = -0*b. Suppose y + 6*h = h, -5*y + b = 4*h. Calculate the greatest common divisor of y and 45.
15
Let d = 155 - 314. Let w = -24 - d. Calculate the highest common divisor of w and 15.
15
Let u = 9 - 5. Let a(n) = 2*n**2 - 7*n + 4. Let r be a(u). Let s = r - 0. What is the greatest common factor of 2 and s?
2
Let r(y) = -y**2 - 7*y + 2. Let j be r(-6). Let m be 0*((-9)/6 + 2). Suppose m = 9*v - 8*v - 32. What is the highest common factor of v and j?
8
Suppose -4*u + 24 = 4*w - 2*w, -22 = -4*u - 3*w. Let x = 27 + 133. Suppose -x = 3*t - u*t. What is the greatest common divisor of 10 and t?
10
Suppose 0 = -5*k - 0*k - 2*d - 27, -3*k - 4*d - 19 = 0. Let v(c) = c**2 + 3. Let i be v(k). What is the greatest common divisor of 14 and i?
14
Let k = 91 + -42. Suppose -37 = -3*g - 4*b, -3*b + 4*b = -5*g + 39. What is the greatest common factor of k and g?
7
Let s be 15*1/((-15)/(-18)). Let p = 1 - 1. Suppose 0*u + 3*u - 81 = p. What is the highest common divisor of u and s?
9
Suppose t - 25 = 3*v - 4*t, 3*v - 10 = -2*t. Suppose -500 = -5*u - v*u. Calculate the highest common factor of 20 and u.
20
Let x = 23 - 15. What is the highest common divisor of x and 12?
4
Suppose 0 = 2*f + 2*f - 8. Let h be (-33)/(f/4*-2). Calculate the highest common factor of 3 and h.
3
Let i be 13/2 + (-4)/(-8)*-1. Suppose 4*c = c + 4*t + 300, 4*t = -12. Suppose c = -2*l + 228. What is the greatest common divisor of l and i?
6
Let c(y) = y**3 + 5*y**2 - 7*y - 2. Let l be c(-6). Calculate the greatest common divisor of 36 and l.
4
Let s = 28 + -17. Suppose -4*t + 7 = -13. Suppose r + t*o = 124, 4*r + 5*o - 406 = 3*o. Calculate the greatest common divisor of r and s.
11
Suppose 165 = 6*p + 57. Calculate the greatest common factor of p and 45.
9
Suppose 4*w - 51 = -w - 2*z, 50 = 4*w - 3*z. Calculate the greatest common factor of w and 22.
11
Let u be 140/(-16) + (-2)/8. Let y = u - -16. Let a(w) = w**3 - 6*w**2 - 3*w. Let j be a(y). What is the highest common divisor of 14 and j?
14
Let v be ((-18)/(-5))/(2/5). Let j(t) = 2*t**2 - 4*t + 2. Suppose 3 = f - 1. Let a be j(f). What is the greatest common divisor of a and v?
9
Suppose 0 = t - 2 - 0. Let d be t/(-14) + 1458/14. Let s(x) = -x**3 + 3*x**2 + 4*x + 1. Let i be s(3). What is the greatest common divisor of d and i?
13
Suppose 0*k - 20 = 5*k, -3*r + 2*k = -56. Suppose -4*q = x - 11, 3*q - 5*x - r + 2 = 0. What is the greatest common divisor of q and 2?
1
Let y be ((-1)/2)/((-1)/4). Suppose -4*c = 2*d + 3*d - 192, 0 = -y*d + 3*c + 63. What is the highest common factor of 54 and d?
18
Let j = 39 - 31. Let o = 2 + -1. What is the highest common factor of j and o?
1
Suppose 3*x = 2*x. Suppose 5*k - 34 + 9 = x. What is the highest common divisor of 40 and k?
5
Let b = 26 + -29. Let d = 8 - b. Calculate the greatest common factor of 1 and d.
1
Let c be 22 + (-1)/((-2)/4). What is the greatest common factor of c and 3?
3
Suppose -3*p - 268 = 2*w, -4*w = -5*p - 68 - 386. Let o = 36 - p. What is the greatest common factor of o and 14?
14
Suppose 4*h - 5*s = 65, -64 = -h - 3*h + 4*s. Let v = h - 7. What is the greatest common factor of 4 and v?
4
Let b = -22 + 46. Suppose -10*r = -8*r - 120. What is the greatest common divisor of r and b?
12
Let r = 106 - 51. What is the greatest common factor of r and 11?
11
Let x be (24/(-14))/(6/(-42)). Let i = x + 0. Calculate the greatest common divisor of 60 and i.
12
Let c = -21 - -31. Let i(u) = u**2 + 9*u - 2. Let p be i(7). What is the highest common divisor of p and c?
10
Let n be (-60)/(-84) - (-4)/14. Let y(l) = 30*l**3 - l**2 + l. Let i be y(n). Calculate the highest common factor of i and 45.
15
Let k = 0 - -4. Let p(g) = g**2 + 5*g - 1. Let s be p(-6). Suppose -35 = k*w - s*w. What is the greatest common factor of 7 and w?
7
Suppose -4*j + s + 0*s + 115 = 0, -2*j + 65 = -3*s. What is the greatest common factor of 112 and j?
28
Suppose 0 = -2*u - 0*u + 6. Let n(z) = -z**3 + 5*z**2 - 3*z - 3. Let o be n(u). What is the greatest common divisor of 9 and o?
3
Let a = 77 + -50. Suppose -4*d + a = 3*v, 0*d + 2*d + 19 = 5*v. Suppose -v*o + 20 = -o. What is the highest common divisor of 1 and o?
1
Suppose 2*d = x + 54, -d - 2*x - 134 = -6*d. What is the highest common divisor of d and 338?
26
Let s = -362 + 516. What is the highest common factor of s and 22?
22
Let v = -706 - -402. Let h = -40 - v. What is the highest common factor of h and 24?
24
Let f(t) = -31*t - 2. Let z be f(-1). What is the highest common divisor of 29 and z?
29
Let l = -2 - -1. Let p be -1 + (1 - -1)/1. Let j be (p*l)/((-4)/52). What is the greatest common factor of 130 and j?
13
Let d(n) be the second derivative of 10*n**3 - 2*n. Let y be d(1). What is the greatest common divisor of y and 20?
20
Let q(o) = 10*o**2 + 6*o - 1. Let y be q(1). Calculate the highest common divisor of y and 60.
15
Suppose -m + 2*m = 0. Let t = m - -5. Suppose t*z - 125 = -5*v, -3*z + 29 = -z - 5*v. Calculate the greatest common divisor of 11 and z.
11
Let r = 227 + -67. Suppose g + 48 = r. Let k = 28 + -14. What is the highest common factor of g and k?
14
Suppose -4*p + 41 = q, -5*p - 13 = -3*q - 60. Let u be ((-25)/4)/((-2)/8). What is the greatest common divisor of p and u?
5
Suppose -3*t - 2*x + 370 = 0, -t = 3*t + 2*x - 490. Calculate the highest common factor of t and 30.
30
Let j = 6 + -4. Let b be (-1 + j)/1*1. Let v(g) = g**3 + 7*g**2 + 3*g - 7. Let r be v(-6). What is the greatest common factor of r and b?
1
Suppose -5*p + 4*x + 100 = 0, -3*p + 75 = 3*x + 15. What is the greatest common divisor of 20 and p?
20
Suppose -231 - 77 = -7*i. What is the highest common divisor of 11 and i?
11
Let f = -25 - -46. Suppose -5*a + 4*q = -101, 4*a - 103 + f = 2*q. What is the highest common factor of a and 7?
7
Let n = 117 - 101. Calculate the highest common factor of n and 16.
16
Let f(k) = -k**3 - 2*k**2 + 6*k + 6. Let p be f(-4). Calculate the highest common factor of 154 and p.
14
Let k = 22 + 26. Calculate the gre